in base 2?
1000110101110110
-78 (base 16) to base 5
-440
-20476 (base 10) to base 3
-1001002101
Convert 11043 (base 11) to base 5.
1003034
Convert -20225 (base 9) to base 2.
-11001111111011
141202 (base 6) to base 2
11001111000010
Convert 3215 (base 7) to base 14.
5b5
What is 3333 (base 4) in base 13?
168
117177 (base 9) to base 7
413413
51602 (base 7) to base 9
18308
-11012101012 (base 3) to base 16
-142dc
Convert 40140 (base 5) to base 7.
10264
Convert -12200323 (base 4) to base 16.
-683b
22442 (base 7) to base 10
5714
-140101 (base 7) to base 11
-18976
Convert -15633 (base 7) to base 9.
-6066
Convert -2bbc (base 14) to base 15.
-24aa
What is -171 (base 9) in base 13?
-b2
Convert 13022 (base 4) to base 14.
24a
Convert 582 (base 12) to base 2.
1100110010
What is 11130 (base 4) in base 12?
250
What is -45332 (base 6) in base 7?
-24431
What is -1000000010 (base 2) in base 6?
-2214
What is 11112202 (base 3) in base 7?
12443
Convert 968 (base 11) to base 15.
528
What is -7290 (base 11) in base 13?
-451c
44513 (base 6) to base 10
6237
Convert -11110 (base 6) to base 7.
-4350
127 (base 15) to base 8
406
Convert -218 (base 9) to base 13.
-10a
Convert 1415 (base 8) to base 9.
1057
Convert -b2b (base 12) to base 11.
-1242
1a01 (base 11) to base 5
40132
-1145 (base 7) to base 16
-1a9
-b22 (base 13) to base 7
-5334
What is 109a (base 14) in base 7?
11253
2412 (base 10) to base 8
4554
What is -128 (base 10) in base 15?
-88
Convert 4739 (base 14) to base 16.
306f
What is -ab78 (base 16) in base 11?
-2aa86
1013122 (base 4) to base 7
16216
Convert 101101101110000 (base 2) to base 14.
8760
What is 10001111011 (base 2) in base 7?
3226
Convert 6013 (base 7) to base 3.
2211121
-343e (base 15) to base 10
-11084
6aab (base 12) to base 6
131135
-144502 (base 6) to base 9
-21182
-1001101100111 (base 2) to base 11
-3806
1511b (base 13) to base 8
115473
Convert -10101010 (base 3) to base 9.
-3333
1300 (base 6) to base 8
504
Convert 694 (base 12) to base 13.
5a1
-1110011111001 (base 2) to base 3
-101011201
-100000001 (base 3) to base 15
-1e27
Convert 15204 (base 10) to base 9.
22763
Convert -16 (base 12) to base 6.
-30
-111000000110111 (base 2) to base 11
-1a646
Convert -1052 (base 7) to base 16.
-17c
12083 (base 10) to base 14
4591
Convert 1115 (base 13) to base 15.
a8e
Convert -4433 (base 6) to base 8.
-2005
-2110220 (base 3) to base 5
-24211
What is 322142 (base 5) in base 3?
112222112
Convert 1102101201 (base 3) to base 13.
c982
Convert 1101011101 (base 2) to base 4.
31131
15c (base 14) to base 10
278
What is -36b3 (base 16) in base 10?
-14003
-453 (base 13) to base 2
-1011101000
Convert -af87 (base 16) to base 2.
-1010111110000111
What is ba7 (base 12) in base 3?
2100101
-599 (base 11) to base 10
-713
Convert 10277 (base 10) to base 9.
15078
Convert 640 (base 13) to base 6.
4534
111111 (base 2) to base 12
53
Convert 142 (base 5) to base 14.
35
11402 (base 6) to base 14
866
Convert -10845 (base 9) to base 15.
-2235
What is 153211 (base 6) in base 13?
6a87
What is -34a (base 11) in base 7?
-1134
Convert 3024 (base 5) to base 14.
1db
What is -101000000010110 (base 2) in base 8?
-50026
-22021022 (base 3) to base 8
-13615
What is -110101 (base 2) in base 9?
-58
Convert -31703 (base 9) to base 11.
-14845
What is 4a (base 12) in base 11?
53
What is 111110000000 (base 2) in base 4?
332000
2033101 (base 4) to base 14
34ad
Convert -542 (base 12) to base 6.
-3322
What is -37b7 (base 14) in base 16?
-2625
Convert 13043 (base 10) to base 3.
122220002
Convert 21100 (base 4) to base 14.
304
4db5 (base 16) to base 7
111666
-75c (base 13) to base 14
-660
What is 142540 (base 7) in base 10?
27370
What is -11416 (base 9) in base 12?
-44b9
Convert -11221 (base 3) to base 16.
-85
-230a7 (base 11) to base 2
-1000001001110000
What is 179a (base 12) in base 2?
101100100110
-14a8 (base 14) to base 2
-111001011100
What is -7364 (base 8) in base 2?
-111011110100
-7058 (base 11) to base 5
-300010
-543114 (base 7) to base 14
-26744
464 (base 11) to base 3
202112
What is 51 (base 13) in base 6?
150
1164 (base 9) to base 8
1544
Convert a10 (base 12) to base 4.
112230
What is 2101000 (base 3) in base 11?
1331
Convert -102323 (base 6) to base 14.
-3071
-556 (base 12) to base 3
-1002010
What is 22774 (base 9) in base 16?
3b6e
What is 20041 (base 5) in base 12?
89b
Convert -348a4 (base 11) to base 14.
-144ad
Convert -8306 (base 12) to base 13.
-6651
Convert 500 (base 16) to base 9.
1672
What is -7521 (base 9) in base 14?
-202b
Convert -131230 (base 4) to base 12.
-1124
-111330 (base 5) to base 9
-5385
Convert 11110110101 (base 2) to base 9.
2632
350d (base 16) to base 10
13581
-a2da (base 14) to base 5
-1344044
Convert 1720 (base 8) to base 15.
451
What is 220122 (base 3) in base 10?
665
Convert 32a4 (base 11) to base 8.
10375
What is 4400 (base 7) in base 4?
120200
What is 111010010 (base 2) in base 7?
1234
What is -331230 (base 4) in base 12?
-2350
Convert 13516 (base 9) to base 8.
21720
What is 20176 (base 8) in base 5?
231233
19d (base 14) to base 9
412
-1555 (base 8) to base 3
-1012111
What is 22322 (base 4) in base 14?
37c
Convert -1c8c (base 14) to base 9.
-7140
Convert 12002 (base 6) to base 12.
1002
What is -1354 (base 6) in base 15?
-18d
What is -1944 (base 10) in base 13?
-b67
What is a67 (base 14) in base 8?
4003
-68 (base 9) to base 12
-52
What is -12033 (base 8) in base 15?
-17d2
Convert -10011 (base 5) to base 7.
-1561
What is -266560 (base 7) in base 8?
-142275
-3a (base 13) to base 15
-34
Convert -11 (base 2) to base 15.
-3
What is 1123021 (base 4) in base 5?
141313
-167 (base 9) to base 14
-a2
-39c (base 16) to base 9
-1236
What is -180b (base 16) in base 3?
-22102222
-87 (base 14) to base 3
-11102
What is 671 (base 15) in base 16?
5b0
-22020 (base 5) to base 11
-1153
Convert -2577 (base 9) to base 8.
-3615
Convert -732 (base 10) to base 6.
-3220
Convert 441232 (base 6) to base 10.
36596
What is 115 (base 16) in base 4?
10111
Convert -21210000 (base 3) to base 12.
-3346
What is -1021220 (base 3) in base 9?
-1256
1102013 (base 4) to base 12
305b
What is 2020030 (base 5) in base 11?
2247a
What is -55550 (base 6) in base 13?
-36c9
Convert 6857 (base 9) to base 10.
5074
-be (base 15) to base 14
-cb
10111010111000 (base 2) to base 15
3825
What is -50131 (base 7) in base 15?
-38a1
What is -313233 (base 4) in base 12?
-2093
What is 1245 (base 8) in base 7?
1655
-1472 (base 12) to base 8
-4526
-dad (base 14) to base 9
-3631
What is 221122102 (base 3) in base 2?
100100100000111
-231 (base 7) to base 6
-320
What is -2032 (base 6) in base 5?
-3302
Convert -182a1 (base 11) to base 8.
-62052
ae4d (base 15) to base 16
906d
What is -29600 (base 10) in base 15?
-8b85
Convert -1111111001110011 (base 2) to base 6.
-1221323
Convert 3c91 (base 14) to base 5.
320321
13854 (base 13) to base 9
55146
-12353 (base 10) to base 16
-3041
Convert -586 (base 13) to base 4.
-32323
-202011 (base 3) to base 10
-544
-4343 (base 5) to base 15
-29d
What is -3514 (base 8) in base 5?
-24433
-1e3 (base 15) to base 8
-666
Convert 313001 (base 4) to base 10.
3521
Convert -450 (base 8) to base 3.
-101222
173 (base 16) to base 9
452
Convert -117f (base 16) to base 10.
-4479
-2715 (base 10) to base 6
-20323
-447 (base 11) to base 4
-20113
Convert 1100022222 (base 3) to base 11.
18999
-34114 (base 5) to base 11
-18a0
3225 (base 12) to base 2
1010101111101
What is -200112221 (base 3) in base 6?
-142341
What is 11011101111 (base 2) in base 10?
1775
16735 (base 11) to base 5
1223022
What is -129a (base 15) in base 8?
-7602
Convert -6060 (base 8) to base 14.
-11cc
What is -103230 (base 4) in base 5?
-20020
-31757 (base 8) to base 11
-9a97
What is -3914 (base 11) in base 3?
-20222210
Convert 15 (base 6) to base 4.
23
What is -535 (base 13) in base 7?
-2410
Convert 1100100001 (base 2) to base 6.
3413
What is 1220 (base 11) in base 9?
2162
-3029 (base 15) to base 2
-10011110110100
Convert 10100 (base 4) to base 16.
110
What is 4421 (base 5) in base 16?
263
Convert -2073 (base 8) to base 3.
-1111010
Convert -2a9b (base 12) to base 14.
-1b83
Convert -6137 (base 12) to base 5.
-314210
-2133012 (base 4) to base 7
-41454
Convert -45a7 (base 14) to base 4.
-2331013
20305 (base 6) to base 12
1695
What is 816 (base 10) in base 7?
224